-4*j. What are the prime factors of (-370)/4*l/(-25)?
2, 37
Let w = 230 - 213. What are the prime factors of w?
17
Let u(p) = p**2 + 8*p + 20. Let r be 22/(-3) + -2 + (-4)/(-3). What are the prime factors of u(r)?
2, 5
Suppose 0 = -r - 0*r - 3*s + 14, -5*r = -4*s - 32. List the prime factors of 42/56*r*6.
2, 3
Let s be ((-54)/(-12))/(3/8). Suppose -14*y + s*y = -188. What are the prime factors of y?
2, 47
Let i = -27 + 37. Suppose 2*g + 3*n - 96 = 0, -2 + i = 4*n. List the prime factors of g.
3, 5
Suppose 8*s + 4 = 10*s. Suppose -3*m = 2*v - 140, 5*m = -s*v + 76 + 152. What are the prime factors of m?
2, 11
Let b be 15/(-6) + 6/4. Let u be (-1 + 2)*b*-2. List the prime factors of 32 + ((-8)/u)/4.
31
Suppose 4 = -2*t - 18. Let j(f) = -f**2 - 15*f - 4. Let v be j(t). Suppose -2*x - 6 = o, -4*o + v = o - 4*x. What are the prime factors of o?
2
Let n be (124/3 - 0)/(3/9). Suppose -3*g + n = -74. What are the prime factors of g?
2, 3, 11
Let d = 16 + -13. Suppose d*v = -7*r + 3*r + 1009, 4*r = -2*v + 678. List the prime factors of v.
331
Suppose -4*k - 6 + 2 = 0. What are the prime factors of 348/18 - k/(-3)?
19
Let d(a) = -a**3 - 33*a**2 - 23*a - 20. List the prime factors of d(-33).
739
Suppose 0 = d - 2*g + 6*g - 150, -2*g = 3*d - 410. Suppose -2*t = -d + 34. Let y = t - 28. What are the prime factors of y?
2, 11
Let l(x) = x**3 + 15*x**2 - 10*x - 7. What are the prime factors of l(-13)?
461
Suppose -5*j = -j - 296. Let g(z) = z**3 + 9*z**2 + 14*z + 3. Let t be g(-7). Suppose -d = -t*d + j. List the prime factors of d.
37
Suppose m - 2697 = -x, 9179 = 4*x - 3*m - 1616. What are the prime factors of x?
2, 19, 71
Let i = 2181 - 307. List the prime factors of i.
2, 937
Let c(j) = -j**3 - 11*j**2 + 14*j + 29. Let v be c(-12). Suppose 0 = 5*x + 5*y - 100, -5*x + y - v*y = -102. What are the prime factors of x?
2, 11
List the prime factors of 316450/375 + ((-28)/15 - -2).
2, 211
Suppose 0 = 6*c + 5*c + 924. Let z = 123 + c. What are the prime factors of z?
3, 13
Suppose -z + 103 = 1. Let d = 81 + -11. Let s = z - d. List the prime factors of s.
2
Let z(m) = 3*m**3 + m**2 - m. Let l be z(1). Suppose -380 = -l*u - 2*g + 9, 3*g = -6. List the prime factors of u.
131
Suppose 0 = -5*f - n + 598, 0 = f - 0*f - 5*n - 130. Suppose 2*v - f = -0*a - 2*a, a = v - 62. List the prime factors of v.
61
Let k(s) be the second derivative of s**7/252 + s**6/720 - s**5/120 + s**4/12 + 5*s. Let v(l) be the third derivative of k(l). List the prime factors of v(1).
2, 5
Let x(i) = -16*i - 9. Let b be x(6). Let z = b + 174. What are the prime factors of z?
3, 23
Suppose -z - 5 = -4*j, -3*j + 0*j = -3*z + 21. Let s(b) = -b**2 + 12*b - 9. Let k be s(z). List the prime factors of (k/4)/((-6)/(-204)).
17
Suppose -22*a = -17*a - 35. Suppose 0*p + 665 = a*p. What are the prime factors of p?
5, 19
Suppose b - 3*g + 4 + 5 = 0, -2*g = -b - 6. Suppose 3*h - 8*h = -3*k + 585, 3*k + 3*h - 561 = b. List the prime factors of k.
2, 5, 19
Let p = -583 + 1053. List the prime factors of p.
2, 5, 47
Suppose -4*p + 358 = -942. What are the prime factors of p?
5, 13
Let p(s) = s**3 + 25*s**2 + 37*s + 39. What are the prime factors of p(-17)?
2, 3, 7, 41
Suppose 20*q + 2810 + 5770 = 0. What are the prime factors of (-1 - 6/(-3))/((-3)/q)?
11, 13
Let d = 160 - 79. Suppose -5*c + 5*h + d = -2*c, 0 = -3*c - 2*h + 60. List the prime factors of c.
2, 11
Let n be 4/(-18) + 43/(-9). Let o(z) = 6*z - 203*z**2 - 203*z**2 + 7 + 408*z**2 + 2. What are the prime factors of o(n)?
29
Suppose 0 = 3*g - g + g. Suppose 4*x - 3*a - 97 - 55 = g, 3*x = 4*a + 107. List the prime factors of x.
41
Suppose -3*o - 5*t + 6 = 0, -o - 2*t - 3 = -5. Suppose 406 = 3*i - o*y - 331, -5*i + 3*y = -1230. What are the prime factors of i?
3, 83
Let c(n) = 0*n**2 + 3*n**2 - 2 - 94*n + 96*n + 4*n**3. What are the prime factors of c(3)?
139
What are the prime factors of ((-3000)/28)/(27/(-126))?
2, 5
Suppose 4*l = -20, 3*k - 3721 = 2*l - 3*l. What are the prime factors of k?
2, 3, 23
Suppose -4*o = -2*m + 2, 4*o - 18 = -3*m + 5. Suppose -4*k + 2*q + 6 = -m*k, -5*k = -3*q - 35. Suppose -6 = k*h - 90. What are the prime factors of h?
3, 7
Let s(p) = 3*p + 4. Let i be s(-9). Let k = i + 27. Let n(r) = 2*r + 3. What are the prime factors of n(k)?
11
Suppose -32*j = -34*j + 8. Suppose j*u - 6 = 2. List the prime factors of (u + 3)*91/7.
5, 13
Let q = 8 - 5. Let h(k) = -2 - 1 - q*k**2 - 13*k**3 - 2*k + 9*k**3. List the prime factors of h(-2).
3, 7
Suppose -17*r = 10*r - 13149. What are the prime factors of r?
487
Suppose -2*y - y + 231 = 0. Suppose -y = -g - 0*g. What are the prime factors of g?
7, 11
Suppose 0 = -5*g - 558 - 362. Suppose -4*p - 2*y = 159 - 41, -y = -4*p - 121. What are the prime factors of g/(-10) - 18/p?
19
Suppose 0 = 4*b + 5*x - 3001, -b + 5*x - 54 = -823. List the prime factors of b.
2, 13, 29
Let p = -252 + 422. Let v = -100 + p. What are the prime factors of v?
2, 5, 7
Let t be -9 + 10 - 4*(2 - 1). List the prime factors of (7 - (3 + 1))/(t/(-194)).
2, 97
Suppose -2373 = -5*m - 858. Suppose 849 = 9*r - m. List the prime factors of r.
2
Suppose -5*g = -50 - 7650. What are the prime factors of g?
2, 5, 7, 11
Let r = 11 + -2. Suppose -r = -k - 0. Let j = 45 + k. What are the prime factors of j?
2, 3
Let i = 310 + 103. List the prime factors of i.
7, 59
Let z be (-6)/48 - ((-42390)/16)/3. Suppose -3*f - b + z = 0, -2*f + 602 = -b - b. What are the prime factors of f?
2, 37
Let r be -3 - (-27 - 3/1). Let f = r - 39. Let n = -7 - f. List the prime factors of n.
5
Suppose -125*n + 130*n - 24815 = -5*l, -3*n - l = -14891. What are the prime factors of n?
2, 17, 73
Let i(g) = g**3 + g**2 - 4*g + 222. List the prime factors of i(0).
2, 3, 37
List the prime factors of (12933/15)/((-33)/110*-1).
2, 3, 479
List the prime factors of 2556/10 + 108/(-180) + 2.
257
Suppose 9*b = 4*b - 200. Let a = 112 + b. Suppose -r - 2*r + a = 0. List the prime factors of r.
2, 3
Let n(l) = -33*l**3 + 3*l**2 + 13*l - 7. What are the prime factors of n(-4)?
11, 191
Let q(c) = 4*c**2 + 2*c + 6. Let x(n) = 14*n**2 - n**3 - 5*n**2 - 4*n - 4 - 13*n**2. Let s be x(-2). What are the prime factors of q(s)?
2, 31
Let w be (-27)/(-15)*(-15)/6*-2. What are the prime factors of -5*w/((-45)/46)?
2, 23
Let b = 2958 + -471. List the prime factors of b.
3, 829
Suppose -3*y - 2564 = -4*q, 3*q - 4*y = 7*q - 2564. What are the prime factors of q?
641
Suppose -3*s - 1467 + 5598 = 0. Suppose 12*j - 3*j - s = 0. What are the prime factors of j?
3, 17
Let d(s) = -41*s - 11. Let c be d(-4). Suppose -5*v - 403 = -3*a, -3*v + c = -0*a + a. What are the prime factors of a?
3, 47
Let p = -74 - -501. List the prime factors of p.
7, 61
Suppose -3*h + 3988 = 5*a, 2*a + 0*a - 1588 = -3*h. Let x = a + -566. What are the prime factors of x?
2, 3, 13
Suppose 0*h = 3*h + 363. Let l = h - -222. List the prime factors of l.
101
Let k(m) = -m**3 + m**2 - 2. Let b be k(-2). Let p be 165/b - (-6)/4. Let v = p + -10. List the prime factors of v.
2
Suppose -95*v = -97*v + 1128. List the prime factors of v.
2, 3, 47
What are the prime factors of 6/(-21) + 232/28?
2
Let x = -1794 - -1938. List the prime factors of x.
2, 3
Suppose 2*l + 9 = -101. Let y = l - -100. What are the prime factors of y?
3, 5
Suppose 36 + 64 = -4*x. Let g = -98 - x. Let c = 141 + g. List the prime factors of c.
2, 17
Suppose 33 - 13 = 5*f. Suppose -4*h + 201 = y, -h + 3*y = f*h - 247. What are the prime factors of h?
2, 5
Let c(x) = 338*x + 1. Let w be c(1). Let h = w + -241. List the prime factors of h.
2, 7
Suppose t + 32 = -3*j + 2*t, 2*t + 26 = -4*j. Let n be 7/3 - 6/j. Suppose -n*d + 45 = 4*g - 6*d, -5*d = 15. What are the prime factors of g?
3
Suppose 5*p + 4982 = 2*k, 2*k + 19*p - 22*p = 4990. What are the prime factors of k?
41, 61
Let o(z) = -61*z**3 + 6*z**2 + 11*z + 21. What are the prime factors of o(-4)?
41, 97
Suppose 2*o - 5902 = 5*k, o = 4*k - 0*k + 2954. List the prime factors of o.
2, 3, 491
Let g = 70 + -74. List the prime factors of -4*-11*(-1)/g.
11
Let n(k) = 3*k + 10. Let g be n(-15). List the prime factors of g/2*16/(-5).
2, 7
Let w(g) = 11*g**2 + 11*g - 8. What are the prime factors of w(5)?
2, 7, 23
Let x(n) = 6*n + n + 5*n**2 - 1 - 7*n. Let b be x(-3). What are the prime factors of (-4